greatest common factor of o and 2796.
12
Let x = 26 - 27. Let w be (-10)/x*32/40. What is the greatest common factor of 344 and w?
8
Let r(h) = -h**3 + h**2 + 22*h + 91. Let c be r(0). Calculate the highest common divisor of c and 494.
13
Let j = 73254 + -43124. Calculate the greatest common factor of j and 115.
115
Suppose 4*p + 410652 - 1580282 = -150*p. What is the highest common divisor of p and 105?
35
Let d be (54/4)/(49/(-14) + 4). Suppose 3*h - 36 - 207 = 0. What is the greatest common divisor of d and h?
27
Suppose y = -23 - 19. Suppose -9*b - 4*v - 23 = -10*b, 2*v + 76 = 2*b. Let q = b + y. Calculate the greatest common factor of q and 3.
1
Let l be ((-111)/185)/((-2)/20). Let x(h) = 31*h + 5. Let d be x(5). Suppose -l*n = 10*n - d. What is the highest common divisor of 80 and n?
10
Suppose 0 = 3*j + d + 414, -6*j - 554 = -2*j + 2*d. Let m be (-4 - 0)*33/5*(-45)/(-12). Let y = m - j. Calculate the highest common divisor of y and 114.
38
Suppose 7*q = -w + 5*q + 556, -2 = q. Suppose 0 = 9*y - 11*y + w. What is the greatest common factor of 112 and y?
56
Suppose 3*f - 271 - 593 = g, -864 = -3*f - g. What is the highest common divisor of f and 800?
32
Suppose 0 = -89*w + 52*w + 1221. Calculate the greatest common divisor of 3333 and w.
33
Suppose -46 = -13*h + 71. Let y = h + 4. Calculate the highest common divisor of y and 104.
13
Let p be (1/((-2)/22))/1*-6. Suppose -69*m + p*m = 51. Let b(k) = 2*k**2 + 29*k - 25. Let i be b(m). Calculate the highest common divisor of 40 and i.
20
Let o(u) = u**3 + 6*u**2 + 4*u - 2. Let k(d) = d**2 + 9*d + 9. Let y = -24 + 17. Let q be k(y). Let i be o(q). Calculate the highest common factor of 21 and i.
3
Suppose 2*v + 2*j + 336 = 1552, -40 = 5*j. Calculate the greatest common divisor of v and 896.
56
Suppose -39*k = -62 - 55. Suppose -2*s - 37*y = -36*y - 79, -2*y = k*s - 117. Calculate the greatest common factor of s and 656.
41
Let g(f) = -54*f. Let x = 75 - 66. Suppose 18 = -3*c + x. Let k be g(c). Calculate the greatest common divisor of k and 18.
18
Let z = 16 + -4. Suppose -74*l - 144*l + 15243 - 2529 = -55*l. Calculate the greatest common factor of l and z.
6
Suppose 4*i - 8875 + 1855 = 5*h, 2*i = 3*h + 3510. Calculate the greatest common factor of i and 1638.
117
Let k = -31 - -30. Let m(o) = 10*o**2 - o + 1. Let t be m(k). Suppose t*q = 15*q - 126. Calculate the highest common divisor of 105 and q.
21
Let v = -8 + 20. Let n(p) = -p**2 - 37*p + 123. Let k be n(-40). Suppose k*y - 2*l - 8 = 20, 5*y + 4*l = 10. What is the highest common divisor of y and v?
6
Suppose -86*y + 77 = -9. Let r = -9 + 20. What is the highest common factor of y and r?
1
Let j(d) = d**3 - d**2 - 18*d - 9. Let t be j(11). Suppose -139 = 2*b - t. Let w be (1/2)/((114/b)/19). What is the highest common factor of 48 and w?
12
Let h = -41 + 43. Let g = h - -8. Suppose g*v = 6*v + 500. Calculate the highest common factor of 50 and v.
25
Let y(n) = -n**3 + 11*n**2 + 4*n - 30. Let k be y(11). Suppose -k*g - 142 = -366. Suppose 0 = 2*b - b - 80. What is the highest common divisor of g and b?
16
Let o be 18*(-3)/((-3)/1). Let l be (-66)/(-4)*(-8 + 336/o). What is the greatest common divisor of l and 32?
16
Suppose -2*l + 18 = s - 200, 0 = -3*s + 12. What is the greatest common divisor of l and 8667?
107
Let h = -6830 - -7028. What is the highest common divisor of h and 352?
22
Let l(u) = 104*u**2 - 220*u + 440. Let g be l(2). What is the highest common divisor of g and 1222?
26
Suppose -47*t = 4*z - 44*t - 181, -4*t = 20. What is the highest common divisor of 20041 and z?
49
Suppose -17*g + 711 + 3 = 0. What is the highest common divisor of g and 45780?
42
Let t be 56*1*3*(-4)/24. Let z = t - -53. Let y = 55 - z. Calculate the greatest common factor of y and 20.
10
Let j(q) = 4*q**3 - 316*q**2 + 311*q + 182. Let c be j(78). What is the highest common factor of 4030 and c?
26
Let g = -4 + 12. Suppose -3*q + 15 = -2*d, -2*d - 10 = 3*d - 2*q. Suppose 4*h - 30 - 18 = d. What is the highest common divisor of g and h?
4
Let x be (-24)/(-5)*(-17 + 1562/66). Calculate the greatest common divisor of 3056 and x.
16
Suppose 0 = -s + 5, 4*s + 67 = -b + 3*s. Let j = 23 - b. Let n(m) = -5*m - 57. Let o be n(-19). Calculate the highest common divisor of j and o.
19
Suppose -4*u - 2*l - 44 = 0, 2*l + 38 = -5*u - 17. Let f be 6*u/((-231)/560). Calculate the greatest common factor of f and 32.
32
Let w(b) = 145*b + 784. Let j be w(-4). What is the greatest common divisor of 42 and j?
6
Let i = -921 - -1929. Suppose -13*a + 10*a = -i. Suppose 116 = -5*j + a. Calculate the highest common divisor of 22 and j.
22
Suppose 1728 = 1961*h - 1925*h. Suppose i - 4 - 1 = 0, -3*k - 5*i = -79. Calculate the greatest common divisor of k and h.
6
Let q(z) = -9*z + 1366. Let w be q(126). What is the highest common divisor of w and 8?
8
Let g = 8679 - 8586. Calculate the highest common factor of g and 30.
3
Let j(p) = p**3 - 3*p**2 + 4*p - 2. Let s be j(3). Suppose 10821 = -52*r + 36301. What is the greatest common divisor of r and s?
10
Let s be 509/((-10)/25*-10 - 3). Suppose -6*j + s = 293. Calculate the greatest common factor of j and 324.
36
Suppose 0 = -2*m, 4*m + 12 = 7*h - 4*h. Let v be 12960/(-200)*(-10)/h. Calculate the highest common divisor of v and 6.
6
Let z(b) = -15*b + 139. Let j be z(9). Let v = 2 + 92. Suppose -p - 28 = -k + 2*p, 0 = -j*k + 3*p + v. Calculate the greatest common divisor of 11 and k.
11
Suppose 0 = 2*q - 178 - 215 + 249. Calculate the highest common factor of 5202 and q.
18
Suppose -4099*n - 49050 = -4109*n. What is the highest common divisor of 45 and n?
45
Let q = 320388 - 320383. Suppose 284 = 5*j + 59. What is the greatest common divisor of j and q?
5
Let g = -205 + 10. Let c = 250 + g. What is the highest common factor of c and 33?
11
Let f = 20885 + -20636. What is the highest common factor of 5644 and f?
83
Let f = -9035 + 9139. Calculate the highest common factor of 325 and f.
13
Let y(b) = -b**3 + 99*b**2 - 381*b + 114. Let p be y(95). Suppose -g - 4*g + 461 = 3*u, -2*u = -5*g - 299. Calculate the highest common divisor of p and u.
19
Let f be (7/3 - 2) + (-1)/3. Suppose f = 3*d - t - 199, 4*d = d - 2*t + 214. What is the highest common factor of d and 476?
68
Suppose l = 2*z - 843 - 1444, 3*l - 3462 = -3*z. Calculate the highest common divisor of 93 and z.
31
Let p(c) = -4*c. Suppose -2*h - 5 = 3*h. Let w be p(h). Suppose 4*j - 4*y = 220, -3*y + 295 = 5*j - w*y. What is the greatest common factor of 12 and j?
12
Suppose 2913 - 2897 = -g + 9*g. What is the highest common factor of 281 and g?
1
Suppose -13*q + 48 = -5*q. Suppose -3*t - 2*u = -172, -u + q = 2*u. Calculate the highest common factor of t and 24.
8
Let f(u) = 58*u**2 + 55*u + 319. Let y be f(-8). What is the highest common divisor of 266 and y?
133
Suppose -103 = -18*k + 401. Suppose -k*w + 61 = 33*w. Calculate the highest common divisor of 7 and w.
1
Let l = 918 + -827. Calculate the greatest common divisor of 1183 and l.
91
Suppose -b = 4*z - 57, 0 = 5*b - 4*z - 426 + 213. Calculate the highest common divisor of 2430 and b.
45
Let x be (-214 + 216)*(1 + 0)*19. Suppose -34*i = -x*i + 36. What is the greatest common factor of 6 and i?
3
Suppose 2*x = 4, 4*u - 50 = 5*x - 6*x. Let s be (0 - -6)*(u - (-2 - -4)). Calculate the highest common factor of 18 and s.
6
Let x = -32 - 202. Let d be ((-2)/(-1))/((-4)/x). Suppose 15*n - 200 = -5. Calculate the greatest common factor of n and d.
13
Suppose 290*q = 300*q - 630. What is the greatest common factor of 441 and q?
63
Suppose -i - 2*t = -t + 513, 0 = -2*t + 2. Let a = -225 - i. Calculate the greatest common divisor of 17 and a.
17
Let f = 48 + 17. Suppose 0 = 11*j - 1 - f. Let y(d) = -6*d. Let n be y(-2). Calculate the greatest common factor of n and j.
6
Let q be ((0 - 5) + 11)*1/(-3). Let i be (-1)/2 - -2995*q/(-20). What is the greatest common divisor of 13 and i?
13
Suppose 179 + 3321 = 2*o. Suppose 6*k + k = o. What is the highest common divisor of 50 and k?
50
Let t be 4/2*(6 + 0 + 91). Suppose -42 = i - t. Calculate the highest common factor of i and 57.
19
Let j = 1 - -19. Let b = 33743 + -33523. What is the highest common factor of j and b?
20
Let k = 565 + -259. Suppose -5*p + 199 = -4*w, -2*w - p